{"id":62999,"date":"2024-10-11T23:00:54","date_gmt":"2024-10-12T04:00:54","guid":{"rendered":"https:\/\/molinmuebles.com\/?page_id=62999"},"modified":"2024-10-12T15:47:03","modified_gmt":"2024-10-12T20:47:03","slug":"administracion-de-condominios","status":"publish","type":"page","link":"https:\/\/molinmuebles.com\/index.php\/administracion-de-condominios\/","title":{"rendered":"Administracion de Condominios"},"content":{"rendered":"\t\t<div data-elementor-type=\"wp-page\" data-elementor-id=\"62999\" class=\"elementor elementor-62999\">\n\t\t\t\t\t\t<section class=\"elementor-section elementor-top-section elementor-element elementor-element-fcd059a elementor-section-height-min-height elementor-section-boxed elementor-section-height-default elementor-section-items-middle\" data-id=\"fcd059a\" data-element_type=\"section\" data-e-type=\"section\" data-settings=\"{&quot;background_background&quot;:&quot;slideshow&quot;,&quot;background_slideshow_gallery&quot;:[{&quot;id&quot;:63001,&quot;url&quot;:&quot;https:\\\/\\\/molinmuebles.com\\\/wp-content\\\/uploads\\\/2024\\\/10\\\/pexels-pixabay-290275.jpg&quot;},{&quot;id&quot;:63016,&quot;url&quot;:&quot;https:\\\/\\\/molinmuebles.com\\\/wp-content\\\/uploads\\\/2024\\\/10\\\/edif.jpg&quot;},{&quot;id&quot;:63323,&quot;url&quot;:&quot;https:\\\/\\\/molinmuebles.com\\\/wp-content\\\/uploads\\\/2024\\\/10\\\/pexels-sonny-1000x750-1.jpg&quot;},{&quot;id&quot;:63324,&quot;url&quot;:&quot;https:\\\/\\\/molinmuebles.com\\\/wp-content\\\/uploads\\\/2024\\\/10\\\/pexels-sevenstormphotography-500x375-1.jpg&quot;}],&quot;background_slideshow_lazyload&quot;:&quot;yes&quot;,&quot;background_slideshow_ken_burns&quot;:&quot;yes&quot;,&quot;background_slideshow_loop&quot;:&quot;yes&quot;,&quot;background_slideshow_slide_duration&quot;:5000,&quot;background_slideshow_slide_transition&quot;:&quot;fade&quot;,&quot;background_slideshow_transition_duration&quot;:500,&quot;background_slideshow_ken_burns_zoom_direction&quot;:&quot;in&quot;}\">\n\t\t\t\t\t\t<div class=\"elementor-container elementor-column-gap-no\">\n\t\t\t\t\t<div class=\"elementor-column elementor-col-100 elementor-top-column elementor-element elementor-element-3ff6a8e\" data-id=\"3ff6a8e\" data-element_type=\"column\" data-e-type=\"column\">\n\t\t\t<div class=\"elementor-widget-wrap elementor-element-populated\">\n\t\t\t\t\t\t<div class=\"elementor-element elementor-element-6454d11 elementor-widget elementor-widget-heading\" data-id=\"6454d11\" data-element_type=\"widget\" data-e-type=\"widget\" data-widget_type=\"heading.default\">\n\t\t\t\t<div class=\"elementor-widget-container\">\n\t\t\t\t\t<h2 class=\"elementor-heading-title elementor-size-default\">Administraci\u00f3n de Edificios y Condominios<\/h2>\t\t\t\t<\/div>\n\t\t\t\t<\/div>\n\t\t\t\t\t<\/div>\n\t\t<\/div>\n\t\t\t\t\t<\/div>\n\t\t<\/section>\n\t\t\t\t<section class=\"elementor-section elementor-top-section elementor-element elementor-element-07c1d57 elementor-section-boxed elementor-section-height-default elementor-section-height-default\" data-id=\"07c1d57\" data-element_type=\"section\" data-e-type=\"section\">\n\t\t\t\t\t\t<div class=\"elementor-container elementor-column-gap-default\">\n\t\t\t\t\t<div class=\"elementor-column elementor-col-50 elementor-top-column elementor-element elementor-element-260ed3b\" data-id=\"260ed3b\" data-element_type=\"column\" data-e-type=\"column\">\n\t\t\t<div class=\"elementor-widget-wrap elementor-element-populated\">\n\t\t\t\t\t\t<div class=\"elementor-element elementor-element-5c52654 elementor-widget elementor-widget-video\" data-id=\"5c52654\" data-element_type=\"widget\" data-e-type=\"widget\" data-settings=\"{&quot;youtube_url&quot;:&quot;https:\\\/\\\/youtu.be\\\/eCtABnPRMhA&quot;,&quot;start&quot;:0,&quot;autoplay&quot;:&quot;yes&quot;,&quot;play_on_mobile&quot;:&quot;yes&quot;,&quot;loop&quot;:&quot;yes&quot;,&quot;video_type&quot;:&quot;youtube&quot;,&quot;controls&quot;:&quot;yes&quot;}\" data-widget_type=\"video.default\">\n\t\t\t\t<div class=\"elementor-widget-container\">\n\t\t\t\t\t\t\t<div class=\"elementor-wrapper elementor-open-inline\">\n\t\t\t<div class=\"elementor-video\"><\/div>\t\t<\/div>\n\t\t\t\t\t\t<\/div>\n\t\t\t\t<\/div>\n\t\t\t\t\t<\/div>\n\t\t<\/div>\n\t\t\t\t<div class=\"elementor-column elementor-col-50 elementor-top-column elementor-element elementor-element-c2ff825\" data-id=\"c2ff825\" data-element_type=\"column\" data-e-type=\"column\">\n\t\t\t<div class=\"elementor-widget-wrap elementor-element-populated\">\n\t\t\t\t\t\t<div class=\"elementor-element elementor-element-a777577 elementor-widget elementor-widget-heading\" data-id=\"a777577\" data-element_type=\"widget\" data-e-type=\"widget\" data-widget_type=\"heading.default\">\n\t\t\t\t<div class=\"elementor-widget-container\">\n\t\t\t\t\t<h2 class=\"elementor-heading-title elementor-size-small\">En Molinmuebles, nos especializamos en brindar un servicio integral de administraci\u00f3n para edificios y condominios, asegurando su mantenimiento y preservaci\u00f3n en \u00f3ptimas condiciones.<\/h2>\t\t\t\t<\/div>\n\t\t\t\t<\/div>\n\t\t\t\t\t<\/div>\n\t\t<\/div>\n\t\t\t\t\t<\/div>\n\t\t<\/section>\n\t\t\t\t<section class=\"elementor-section elementor-top-section elementor-element elementor-element-8c9f412 elementor-section-boxed elementor-section-height-default elementor-section-height-default\" data-id=\"8c9f412\" data-element_type=\"section\" data-e-type=\"section\">\n\t\t\t\t\t\t<div class=\"elementor-container elementor-column-gap-default\">\n\t\t\t\t\t<div class=\"elementor-column elementor-col-100 elementor-top-column elementor-element elementor-element-f3a0112\" data-id=\"f3a0112\" data-element_type=\"column\" data-e-type=\"column\">\n\t\t\t<div class=\"elementor-widget-wrap elementor-element-populated\">\n\t\t\t\t\t\t<div class=\"elementor-element elementor-element-9c02a89 elementor-widget elementor-widget-text-editor\" data-id=\"9c02a89\" data-element_type=\"widget\" data-e-type=\"widget\" data-widget_type=\"text-editor.default\">\n\t\t\t\t<div class=\"elementor-widget-container\">\n\t\t\t\t\t\t\t\t\t<p><strong>Misi\u00f3n:<\/strong><br \/>Proveer un servicio de administraci\u00f3n y gesti\u00f3n que garantice la seguridad, comodidad y eficiencia en el funcionamiento de edificios y condominios, generando confianza y tranquilidad en nuestros clientes.<\/p><p><strong>Visi\u00f3n:<\/strong><br \/>Ser la agencia l\u00edder en la administraci\u00f3n de edificios en la regi\u00f3n, reconocida por su compromiso, innovaci\u00f3n y capacidad para superar las expectativas de nuestros clientes.<\/p>\t\t\t\t\t\t\t\t<\/div>\n\t\t\t\t<\/div>\n\t\t\t\t\t<\/div>\n\t\t<\/div>\n\t\t\t\t\t<\/div>\n\t\t<\/section>\n\t\t\t\t<\/div>\n\t\t","protected":false},"excerpt":{"rendered":"<p>Administraci\u00f3n de Edificios y Condominios En Molinmuebles, nos especializamos en brindar un servicio integral de administraci\u00f3n para edificios y condominios, asegurando su mantenimiento y preservaci\u00f3n en \u00f3ptimas condiciones. Misi\u00f3n:Proveer un servicio de administraci\u00f3n y gesti\u00f3n que garantice la seguridad, comodidad y eficiencia en el funcionamiento de edificios y condominios, generando confianza y tranquilidad en nuestros [&hellip;]<\/p>\n","protected":false},"author":1,"featured_media":0,"parent":0,"menu_order":0,"comment_status":"closed","ping_status":"closed","template":"","meta":{"om_disable_all_campaigns":false,"_monsterinsights_skip_tracking":false,"_monsterinsights_sitenote_active":false,"_monsterinsights_sitenote_note":"","_monsterinsights_sitenote_category":0,"footnotes":""},"class_list":["post-62999","page","type-page","status-publish","hentry"],"aioseo_notices":[],"_links":{"self":[{"href":"https:\/\/molinmuebles.com\/index.php\/wp-json\/wp\/v2\/pages\/62999","targetHints":{"allow":["GET"]}}],"collection":[{"href":"https:\/\/molinmuebles.com\/index.php\/wp-json\/wp\/v2\/pages"}],"about":[{"href":"https:\/\/molinmuebles.com\/index.php\/wp-json\/wp\/v2\/types\/page"}],"author":[{"embeddable":true,"href":"https:\/\/molinmuebles.com\/index.php\/wp-json\/wp\/v2\/users\/1"}],"replies":[{"embeddable":true,"href":"https:\/\/molinmuebles.com\/index.php\/wp-json\/wp\/v2\/comments?post=62999"}],"version-history":[{"count":127,"href":"https:\/\/molinmuebles.com\/index.php\/wp-json\/wp\/v2\/pages\/62999\/revisions"}],"predecessor-version":[{"id":63327,"href":"https:\/\/molinmuebles.com\/index.php\/wp-json\/wp\/v2\/pages\/62999\/revisions\/63327"}],"wp:attachment":[{"href":"https:\/\/molinmuebles.com\/index.php\/wp-json\/wp\/v2\/media?parent=62999"}],"curies":[{"name":"wp","href":"https:\/\/api.w.org\/{rel}","templated":true}]}}